e remainder when 53 is divided by x?
11
Suppose -4*k - 22 = -l, -l + 3*k - 4*k + 7 = 0. What is the remainder when 38 is divided by l?
8
Suppose -9 - 27 = -4*l. What is the remainder when 35 is divided by (-14)/63 - (-173)/l?
16
Suppose 3*p - 36 = -p. Let d = 4 - -12. Calculate the remainder when d is divided by p.
7
Suppose 4*h - 5*h + s + 19 = 0, 59 = 3*h - 5*s. Calculate the remainder when 34 is divided by h.
16
Suppose 231 = 3*t - 0*t. Calculate the remainder when t is divided by 16.
13
Suppose 3*x - 15 = -2*x. Suppose j + 37 = 3*j - s, -x*j = -3*s - 54. Calculate the remainder when 36 is divided by j.
17
Let k(b) be the second derivative of -b**5/20 + b**4/4 + b**3 - 5*b**2/2 - 2*b. What is the remainder when 122/18 + 10/45 is divided by k(4)?
1
Let r(b) = b + 18. Calculate the remainder when r(13) is divided by 12.
7
Let g be ((-21)/(-14))/(2/4). Suppose -3*w = g*o - 12, w + 1 = 5*o - o. What is the remainder when w is divided by 2?
1
Let g(k) = -k**2 - 13*k - 10. Let b be g(-9). Suppose 3*s + b = -97. Let o = -21 - s. What is the remainder when 39 is divided by o?
19
Calculate the remainder when 31 is divided by 170/5*1/2.
14
Suppose -4*k + 0 = 5*i - 28, i + 2*k = 8. Let w be (-2)/i*0/(-2). Suppose w = 3*g - 83 - 28. What is the remainder when g is divided by 13?
11
Suppose 2*n + 4 = 4*n. Calculate the remainder when 4 is divided by n.
0
Suppose 5*a - 8 = 7. Let v be (-53)/a + 1/(-3). Let p = 3 - v. What is the remainder when p is divided by 11?
10
Suppose 0*m - 14 = -3*m + 2*q, 0 = 4*m + 2*q. Calculate the remainder when 10 - 1 - (m + 0) is divided by 5.
2
Suppose -m - 2 = 0, 2*p + 3*m - 9 + 3 = 0. Suppose -p*r = -11*r + 50. Let w = 13 + r. Calculate the remainder when w is divided by 8.
7
What is the remainder when 68 + (-2 - (5 - 10)) is divided by 24?
23
Suppose 2*i + i = -3*c - 120, -4*i = -5*c - 218. Let y = 66 + c. Calculate the remainder when y is divided by 13.
11
Let w be (-2)/7 - 23/(-7). Suppose -n - w*n + 52 = 0. Calculate the remainder when 62 is divided by (n - -1)/(2/3).
20
Let i(b) = b**3 - 7*b**2 + 8 + 6*b - 1 - 5. What is the remainder when 6 is divided by i(6)?
0
Let v(y) = 6*y - 49. Calculate the remainder when 16 is divided by v(9).
1
Calculate the remainder when (0 + 9)/((-4)/(-12)) is divided by 7.
6
Let l be 34/((-1)/2 + 0). Let u = 120 + l. What is the remainder when u is divided by 18?
16
Let q = -7 + 10. Suppose 102 = q*h - h. What is the remainder when h is divided by 27?
24
Suppose -5*o + 3*q + 25 = 0, -3*q = 3*o + 2*q - 15. Suppose 0 = n - 0*n + k - 10, -o*n = -k - 38. Calculate the remainder when 15 is divided by n.
7
Suppose 2*z + 4*c - 67 = -3, -2*z = c - 67. What is the remainder when z is divided by -1 + (19 - 1) + 1?
16
Let s(n) = -2*n. Let j(y) = -7*y. Let m be j(1). Let x(k) = -k**3 - 6*k**2 + 3*k - 5. Calculate the remainder when x(m) is divided by s(-4).
7
Let c = -40 - -5. Suppose -4*f - f = -255. Let i = c + f. What is the remainder when 45 is divided by i?
13
Let z = -49 - -87. What is the remainder when z is divided by 5?
3
Let n(l) = -l**2 + 10*l + 11. Let t be n(11). Let d(s) = 4*s**2 - 4*s**2 + s**2 + s + 5. What is the remainder when 13 is divided by d(t)?
3
Let h(j) = 24*j - 1. Let m = -18 - -19. Calculate the remainder when h(m) is divided by 12.
11
Let a(t) = t**3 + 11*t**2 - 6*t - 12. What is the remainder when a(-11) is divided by 14?
12
Suppose -5*i + u = 408, -4*i - 8 - 319 = -u. Let n = i + 147. Suppose 3*w - n = -4*q, 0 = 2*w + 4*q - 5*q - 44. What is the remainder when w is divided by 8?
6
What is the remainder when ((-6)/9)/(8/(-612)) is divided by 13?
12
Let a(f) = f**2 - f + 5. Let i be (-4)/(-6)*651/14. Let g = i + 1. Calculate the remainder when g is divided by a(4).
15
Suppose -2*p + 23 = -5*w, 0 = -4*w + 3*w - 1. Let h be 2/(-3) - (-267)/p. Calculate the remainder when h + -2 + 0/1 is divided by 14.
13
Suppose 7*d + 14 = 5*d. Let z(p) = -p + 9. Calculate the remainder when 28 is divided by z(d).
12
Let l(b) = -b**3 + 6*b**2 - 3*b - 5. Let h(f) = 2*f - 5. Let k be h(3). Let j = k - -1. What is the remainder when l(5) is divided by j?
1
Suppose -x + 16 = 1. Let u = 92 + -49. What is the remainder when u is divided by x?
13
Let c be 20/(-3) - (-2)/(-6). Let q = c - -7. Suppose -o + 5*w - 11 = o, 5*o + 2*w - 16 = q. What is the remainder when 5 is divided by o?
1
Let x = -3 - -46. Calculate the remainder when x is divided by -1 - -1 - 5*-3.
13
Let p(u) = -8*u - 5. Calculate the remainder when p(-5) is divided by 13.
9
Suppose 0 = -2*p + 4*h + 6, 0*p = -4*p - h - 15. Let f(v) = 3*v + 1 - v**3 + v**2 - v**2. Calculate the remainder when 37 is divided by f(p).
18
Let q(v) = -40*v**3 - v**2 - 4*v - 3. What is the remainder when q(-1) is divided by 23?
17
Let d(s) = 15*s - 1. Calculate the remainder when d(1) is divided by 4 + 7/((-35)/(-20)).
6
Calculate the remainder when ((-4)/20)/((-1)/535) is divided by 22.
19
Suppose 0*w = 2*w - 3*j - 47, -5*w + 149 = 3*j. Let x = w + -14. Calculate the remainder when x is divided by 5.
4
Let j be ((-4)/(-5))/(2/5). Suppose -3*v + v = -n - 26, 0 = -3*v - j*n + 39. Calculate the remainder when 36 is divided by v.
10
Suppose 3*n = -5*q + 198, -n = -0*q + 2*q - 79. Calculate the remainder when q is divided by 21.
18
Let y be (-28)/(-8) - 2/4. Calculate the remainder when (-3 - -47 - y) + 1 is divided by 15.
12
Let b be 1/(-5) - 195/25. Let r = 11 + b. What is the remainder when r is divided by 2?
1
Let i = 22 - 4. Suppose -12*a + 8*a = 0. Suppose a*v + 70 = 2*v. Calculate the remainder when v is divided by i.
17
Let x(m) = 6*m + 3. What is the remainder when 106 is divided by x(4)?
25
Let b = 37 + 24. Calculate the remainder when b is divided by 16.
13
Let o(k) = 23*k - 6. Let d(v) = 6*v**2 - 1. Let p be d(1). Let f be o(p). Let b = f - 77. Calculate the remainder when b is divided by 11.
10
Suppose s = -0*s + 3. Suppose 32 - 8 = s*d. What is the remainder when 13 is divided by d?
5
What is the remainder when 212/(-6)*(-33)/22 is divided by 15?
8
Let v(w) = w**3 - 5*w**2 + 6. Calculate the remainder when v(6) is divided by 9.
6
Suppose 3*w + 18 = -2*y - 2*y, 4*w = 4*y + 4. Let v = w - -15. Calculate the remainder when (25 - (0 - -1))/1 is divided by v.
11
Let i(t) = -2*t - 11. Let p(x) = 4*x + 23. Let f(v) = -13*i(v) - 6*p(v). Calculate the remainder when 41 is divided by f(8).
20
Suppose -12*u + 15*u - 15 = 0. Calculate the remainder when u is divided by 5.
0
Suppose 3*y = 3*x + 21, -4*x + 2 = 14. Suppose 3*j - 5 = y. What is the remainder when 10 is divided by j?
1
Calculate the remainder when ((-70)/25 - -2)*-60 is divided by 17.
14
Suppose 4*g - 200 = -4*b, 2*g - 96 = -3*b + 5*b. Calculate the remainder when g is divided by 13.
10
Suppose 0 = 3*h - u + 3*u - 332, h - 111 = -u. Calculate the remainder when h is divided by 28.
26
Let r(m) = m**2 - m. Suppose -5*s + 0*s = -25. Let j = s - 2. What is the remainder when 10 is divided by r(j)?
4
Suppose 4*g + 3*t - 25 = 0, 2*t + 14 = 7*g - 2*g. Let z = -5 + 8. What is the remainder when g is divided by z?
1
Let u be -2*(15/(-6) + -1). Suppose -3*h + u = -2. What is the remainder when 2/(-7) + 60/14 is divided by h?
1
Let c = -6 + 12. What is the remainder when 3/12*4 - -21 is divided by c?
4
Let a(c) = c**3 - c**2 + 85. Calculate the remainder when a(0) is divided by 22.
19
Let w(l) = -l**2. Let b be w(1). Let k(n) = n**3 + 3*n**2 - 3*n - 8. Let s be k(-4). Calculate the remainder when 14 is divided by ((-6)/(-9))/(b/s).
6
Suppose -h - 3*u + 31 = 5, h - 4*u = 40. Let j be (1*2)/(2 + -3). What is the remainder when h is divided by (j - -1)/((-1)/11)?
10
Let t = -18 + 35. Calculate the remainder when 134 is divided by t.
15
What is the remainder when (-12)/(-6)*(2 + (-65)/(-2)) is divided by 18?
15
Suppose 4*z - 1 = -2*q + 17, 4*q - 24 = -4*z. Suppose 4*u + 18 = t, t + 4*u - 2*u = 6. Calculate the remainder when t is divided by q.
1
Let i = -255 - -380. Calculate the remainder when i is divided by 42.
41
Let d = 29 - 18. Calculate the remainder when (-4)/(-10) + 158/5 is divided by d.
10
Let r = 27 + -3. What is the remainder when r is divided by 13?
11
Let a(b) = -b**3 + 6*b**2 - 2*b + 17. Calculate the remainder when 5 is divided by a(6).
0
Suppose 2*v - z = 24, -4*z = v - 0*z + 6. Suppose -